s the greatest common factor of 462 and 66?
66
Calculate the highest common factor of 1 and 3722.
1
What is the highest common factor of 28 and 14658?
14
Calculate the highest common factor of 34 and 374.
34
Calculate the highest common divisor of 725 and 25.
25
Calculate the greatest common factor of 51 and 18037.
17
Calculate the greatest common factor of 92 and 11684.
92
What is the highest common divisor of 400 and 1160?
40
Calculate the highest common factor of 316 and 28282.
158
What is the greatest common divisor of 231 and 7?
7
What is the greatest common factor of 7300 and 300?
100
What is the highest common divisor of 12 and 948?
12
What is the highest common divisor of 238 and 918?
34
Calculate the greatest common factor of 10 and 130.
10
What is the highest common divisor of 165 and 143?
11
What is the greatest common divisor of 80 and 28816?
16
What is the highest common divisor of 1150 and 50?
50
Calculate the greatest common factor of 378 and 2214.
54
What is the highest common factor of 158 and 2?
2
What is the greatest common factor of 2363 and 17?
17
What is the highest common divisor of 46 and 20033?
23
Calculate the greatest common divisor of 2204 and 76.
76
Calculate the highest common factor of 4961 and 82.
41
What is the greatest common divisor of 568 and 32?
8
What is the highest common divisor of 4632 and 24?
24
Calculate the greatest common factor of 88 and 48.
8
Calculate the highest common factor of 153 and 425.
17
Calculate the highest common divisor of 11814 and 66.
66
Calculate the greatest common divisor of 44 and 99.
11
What is the greatest common divisor of 432 and 16?
16
What is the greatest common factor of 111 and 6?
3
Calculate the highest common divisor of 715 and 325.
65
Calculate the highest common divisor of 817 and 38.
19
What is the greatest common divisor of 2045 and 5?
5
Calculate the greatest common factor of 36 and 272.
4
Calculate the greatest common divisor of 321 and 1712.
107
What is the highest common factor of 1516 and 4?
4
Calculate the greatest common divisor of 204 and 1071.
51
Calculate the highest common factor of 9 and 936.
9
Calculate the greatest common divisor of 426 and 20661.
213
Calculate the greatest common divisor of 222 and 36.
6
What is the highest common divisor of 4 and 32?
4
What is the greatest common divisor of 4 and 116?
4
What is the highest common factor of 3589 and 74?
37
Calculate the highest common factor of 588 and 60.
12
What is the highest common factor of 7424 and 1624?
232
Calculate the highest common factor of 29 and 638.
29
What is the highest common factor of 59 and 295?
59
Calculate the highest common factor of 48760 and 120.
40
What is the highest common factor of 644 and 140?
28
What is the highest common divisor of 49 and 189?
7
What is the highest common factor of 272 and 96?
16
What is the greatest common divisor of 1222 and 47?
47
What is the greatest common divisor of 114 and 589?
19
What is the highest common divisor of 32107 and 194?
97
What is the highest common factor of 9600 and 150?
150
What is the highest common factor of 609 and 6873?
87
Calculate the highest common factor of 336 and 13146.
42
What is the highest common divisor of 924 and 112?
28
What is the highest common factor of 7 and 161?
7
Calculate the highest common factor of 26 and 2041.
13
What is the highest common divisor of 57498 and 444?
222
What is the highest common divisor of 100 and 80?
20
Calculate the highest common divisor of 2624 and 448.
64
What is the highest common divisor of 1428 and 252?
84
Calculate the greatest common factor of 8 and 1138.
2
Calculate the highest common divisor of 53 and 106.
53
What is the greatest common factor of 16 and 2500?
4
What is the greatest common divisor of 259 and 28?
7
What is the highest common divisor of 195 and 39?
39
Calculate the highest common divisor of 1315 and 263.
263
What is the highest common divisor of 33 and 103?
1
What is the greatest common factor of 124 and 25978?
62
What is the highest common factor of 85232 and 112?
112
Calculate the greatest common factor of 50 and 530.
10
What is the highest common factor of 16 and 3056?
16
What is the greatest common divisor of 2288 and 880?
176
What is the highest common divisor of 2200 and 165?
55
Calculate the highest common divisor of 155 and 15.
5
What is the highest common divisor of 28886 and 286?
286
What is the greatest common divisor of 200 and 6050?
50
What is the highest common divisor of 30 and 138?
6
Calculate the greatest common divisor of 14 and 486.
2
Calculate the highest common factor of 322 and 378.
14
Calculate the greatest common factor of 189 and 81.
27
What is the greatest common divisor of 1292 and 152?
76
What is the highest common divisor of 2 and 16?
2
Calculate the highest common divisor of 1775 and 2414.
71
Calculate the highest common divisor of 7 and 3.
1
Calculate the highest common factor of 396 and 1314.
18
Calculate the highest common divisor of 986 and 1566.
58
Calculate the highest common divisor of 5174 and 286.
26
What is the greatest common factor of 374 and 132?
22
Calculate the greatest common divisor of 3020 and 20.
20
Calculate the greatest common factor of 9 and 1143.
9
Calculate the highest common divisor of 38 and 209.
19
Calculate the greatest common factor of 120 and 150.
30
What is the greatest common factor of 6 and 37356?
6
Calculate the greatest common factor of 92 and 161.
23
What is the highest common divisor of 664 and 1162?
166
What is the highest common factor of 274 and 3562?
274
What is the highest common divisor of 230 and 46?
46
What is the highest common divisor of 20210 and 2150?
430
Calculate the greatest common factor of 3127 and 177.
59
What is the highest common divisor of 6 and 131?
1
What is the greatest common divisor of 91 and 65?
13
What is the highest common divisor of 351 and 4329?
117
Calculate the greatest common factor of 56 and 4123.
7
What is the highest common factor of 2 and 1201?
1
Calculate the highest common factor of 76 and 171.
19
Calculate the highest common factor of 184 and 360.
8
Calculate the greatest common divisor of 36 and 279.
9
Calculate the greatest common divisor of 70 and 50.
10
What is the greatest common factor of 1628 and 296?
148
What is the greatest common divisor of 41 and 656?
41
What is the greatest common divisor of 990 and 120?
30
What is the highest common divisor of 4807 and 46?
23
What is the highest common divisor of 380 and 38?
38
Calculate the highest common divisor of 77 and 64295.
77
What is the greatest common divisor of 2 and 35?
1
What is the highest common factor of 4 and 6704?
4
Calculate the highest common factor of 72 and 972.
36
What is the highest common divisor of 125 and 39750?
125
What is the greatest common divisor of 9 and 81?
9
Calculate the highest common factor of 341 and 55.
11
Calculate the greatest common factor of 2350 and 200.
50
What is the highest common divisor of 9401 and 119?
119
What is the greatest common factor of 146 and 511?
73
Calculate the highest common divisor of 132 and 165.
33
What is the highest common divisor of 1057 and 4077?
151
What is the highest common factor of 265 and 212?
53
Calculate the greatest common factor of 45 and 23070.
15
What is the highest common divisor of 375 and 600?
75
What is the greatest common divisor of 671 and 11?
11
Calculate the greatest common factor of 6 and 66.
6
What is the highest common factor of 101 and 1616?
101
What is the greatest common factor of 171 and 99?
9
What is the highest common divisor of 1134 and 171?
9
Calculate the greatest common divisor of 10425 and 375.
75
Calculate the greatest common factor of 1184 and 32.
32
What is the highest common factor of 220 and 715?
55
Calculate the greatest common divisor of 22 and 10417.
11
Calculate the highest common divisor of 6 and 150.
6
Calculate the highest common factor of 37 and 6401.
37
Calculate the highest common divisor of 60 and 22485.
15
What is the highest common factor of 59 and 5310?
59
Calculate the greatest common divisor of 232 and 20068.
116
What is the greatest common divisor of 1863 and 138?
69
What is the greatest common factor of 24 and 3?
3
What is the highest common factor of 149 and 9983?
149
Calculate 